st common divisor of v and 13?
13
Suppose -769*p + 5015 = -764*p. Calculate the greatest common factor of p and 17.
17
Let m = -110 + 296. What is the greatest common factor of 21390 and m?
186
Let z(b) = -b**3 - 2*b**2 + 8*b. Let l be z(-4). Let t be ((-10)/8 + l)*3696/(-28). What is the highest common factor of t and 33?
33
Let j(r) = r**3 + 12*r**2 - 15*r + 26. Let n be j(-13). Let b = n + -24. Let t = -96 + 180. What is the highest common divisor of t and b?
28
Suppose 3*g - 6 = 3. Suppose 2*o - g*n = 129, -5*o + 587 = -n + 232. Let p = -188 - -196. Calculate the greatest common factor of p and o.
8
Let z = 20 - 20. Suppose -3*o - 3 = z, 0 = -i - 3*o - o + 26. Let n = -64 + 199. What is the highest common factor of i and n?
15
Let n = 1408 - 265. Let v = n - 186. Calculate the highest common factor of v and 29.
29
Suppose 48*w - 2573 = -1613. What is the highest common divisor of 1320 and w?
20
Suppose 0 = -2*h - 5*p + 73, 0*h - 95 = -5*h + 5*p. Suppose -2*n + 70 = 12*n. Suppose -n*z = z - 288. Calculate the highest common divisor of h and z.
24
Let y = 92 - 88. Suppose -3*j - 14 = y*k, -2 = j + k + 1. Suppose -10 = j*p, 3*d + 3*p + 2 + 1 = 0. Calculate the highest common factor of 2 and d.
2
Let x be (1/2)/((-1)/(-12)). Let c = 251 - 168. Suppose -c*h - 24 = -84*h. Calculate the greatest common factor of h and x.
6
Suppose 0 = 15*n - 94 + 19. Suppose -68*k = -69*k - c + 66, -n*c = -3*k + 166. Calculate the highest common divisor of 682 and k.
62
Let d be 835 - 2*2/(-4). Let h(s) = s**3 + 16*s**2 - 52*s - 576. Let t be h(-17). Calculate the highest common divisor of t and d.
19
Let f = 6 + 17. Let c = -810 + 1201. What is the highest common divisor of c and f?
23
Let t = 38 - 11. Suppose -3*f = -0*f - 12. Suppose -4*r + y + 1190 = 0, f*r - 3*y = -y + 1192. What is the greatest common factor of t and r?
27
Suppose -24*b - 112623 = -118*b + 171633. Calculate the highest common divisor of 32 and b.
16
Let b be (-11 - 49/(-7)) + (-2692)/(-4). What is the greatest common factor of b and 3?
3
Let h = 149 - 149. Suppose h = 31*o - 4686 + 1431. Suppose 0 = 2*j - 3*i - 51, 4*j + 4*i = i + 75. What is the greatest common factor of o and j?
21
Let p be (-2)/(1/6*2) - -34. Calculate the greatest common divisor of p and 1190.
14
Suppose -k + 6*k - 1270 = -5*h, -h = 5. Suppose -2*s + 4*y = -54, 3*s + 502 - 543 = 2*y. Calculate the greatest common factor of s and k.
7
Let c be (-42534)/969 + 44 - (-1 - 1169201/19). Calculate the greatest common divisor of c and 58.
58
Suppose -10*s + 26*s = 640. What is the greatest common factor of s and 160?
40
Let p be 1*(9 - 2) - 3/(-1). Let m be p + (36/(-4) - -5). Let b(n) = 3*n**2 + 3*n - 6. Let a be b(5). What is the greatest common divisor of m and a?
6
Let r be (0 + 105 + 4)*55/(-5). Let x = -834 - r. What is the highest common factor of 5 and x?
5
Suppose 0 = 67*f - 50*f - 1031 - 550. What is the highest common factor of f and 589?
31
Let l(m) = -6*m - 272. Let j be l(-50). Calculate the highest common divisor of 128 and j.
4
Let x(l) = -28*l + 110. Let d be x(4). Let i = 20 + d. What is the greatest common factor of i and 9?
9
Suppose -490*p + 268*p + 38850 = 0. Calculate the highest common factor of p and 721.
7
Let v be 4/28 + (4282/14 - -12). Calculate the highest common divisor of 162 and v.
6
Let j(p) = -2*p**3 + 7*p**2 - 3*p - 10. Let d be j(7). Let x be 1/((d/125 - -3)*1). Let w = 210 - x. What is the greatest common divisor of 17 and w?
17
Let x(z) = 10*z**2 - 47*z + 31. Let s be x(14). What is the highest common factor of 43 and s?
43
Let r = 5 - 7. Let w = r + 3. Let o be (-105)/12*2*(-4)/10. What is the greatest common divisor of o and w?
1
Let l be 26/((-1708)/(-3276) - 4/9). Let s be (-1)/(-2 + 1)*26. Calculate the greatest common factor of l and s.
26
Let v be (-22)/(-8) - (-10)/40. Let a(z) = 81*z - 33. Let n be a(v). What is the greatest common divisor of 84 and n?
42
Let n = 3 + -2. Suppose -7*o = 273 - 385. Suppose 0 = 71*x - 69*x - o. What is the highest common factor of n and x?
1
Suppose 63*u = 4*l + 67*u - 172, -2*l - 4*u = -82. What is the highest common divisor of l and 70?
5
Let g(v) = v**2 + 4*v - 10. Let u be g(-6). Let x = u - -23. Let w = 508 - 333. What is the highest common divisor of w and x?
25
Let y = -16 - -33. Suppose 2*q = -2*q - 3*b + 44, -q - 2 = 4*b. Let j = y - q. What is the greatest common divisor of 6 and j?
3
Let o = -3289 + 4696. Calculate the highest common divisor of o and 21.
21
Suppose -31*a + 35*a + 636 = 0. Let l be (188/6)/((-106)/a). What is the greatest common divisor of 423 and l?
47
Let k(z) = 5*z + 9. Let o be k(4). Suppose 2*w = -2*c + 48, c - o = 5*w - 161. Calculate the greatest common divisor of w and 8.
2
Let p(v) = -2*v**2 + 130*v + 156. Let q be p(66). Calculate the greatest common divisor of q and 9486.
6
Suppose -5*b = -4*u - 25 + 175, 0 = b + 4*u + 30. Let f be 4/(-1) - (b + (-1 - -3)). What is the highest common divisor of 588 and f?
12
Let p = -1238 - -1793. Suppose 5*q + p = 20*q. Calculate the greatest common factor of q and 74.
37
Suppose 2*x = x - 5*b + 35, 2*b + 250 = 4*x. Let r(v) = -3*v**3 - 10*v**2 - 18*v - 25. Let z be r(-3). Calculate the highest common divisor of z and x.
20
Suppose 5*m - 16 = 9, -a + 49 = -4*m. Suppose a = -2*s - 13. Let y = s - -57. What is the greatest common factor of y and 32?
16
Let p = -704 + 665. Let b be 9*-3*208/p. What is the highest common factor of 80 and b?
16
Suppose -j - 8619 = -32*j - 1055. Calculate the highest common factor of 7198 and j.
122
Let m be (-1)/(-1*(-1)/(-5)). Let o(p) = 120*p - 720. Let i be o(6). Suppose -m*f + 11*f - 54 = i. Calculate the highest common factor of f and 36.
9
Suppose -3*o + 63 = 3*k, -o = -3*o + 3*k + 17. Let b be (7/((-21)/288))/(o/(-56)). Calculate the greatest common factor of b and 21.
21
Let k be ((-4)/6 - 0)/(1/(-3)). Let w(d) = 0*d**k + 1 + 2 - 1 - d**2 + 8*d**3 - 2*d. Let v be w(3). What is the greatest common divisor of 29 and v?
29
Suppose 0 = -4*f - 4*n + 184, -3*f + n + 50 = -56. What is the greatest common divisor of f and 3667?
19
Let t = 74 + -64. Let a = 4 + 5. Let z = 79 - a. Calculate the greatest common divisor of z and t.
10
Suppose 5*o = -7*h + 3*h + 212, 0 = -h - 2*o + 56. Suppose -5*l + 12 + 115 = -4*f, 3*f + h = 2*l. Calculate the greatest common factor of l and 27.
27
Suppose 3*w - 849 = -789. Calculate the highest common divisor of 1370 and w.
10
Let l(k) = -689*k**3 + k**2 - 2*k - 2. Let a be l(-1). Suppose -3*t - 3*p + a = -9, -4*t + 922 = 2*p. What is the greatest common divisor of t and 12?
12
Let a(l) = -55*l - 27. Let g be a(6). Let k = 393 + g. What is the greatest common factor of 9 and k?
9
Let v = -361 - -184. Let w = v - -333. Calculate the highest common factor of w and 52.
52
Suppose -692*u = -695*u + 9. Suppose u*f + 5*a - 325 = 0, 0 = 4*f + a - 217 - 239. What is the highest common factor of f and 5?
5
Let o = 7743 - 3039. Suppose -o = 9*x - 15*x. Calculate the greatest common divisor of x and 16.
16
Suppose 5*x + 3*m = 17944, -2*m + 1903 + 1683 = x. What is the greatest common divisor of x and 10?
10
Let y be 4887/135 - ((-12)/(-15))/4. What is the greatest common divisor of 126 and y?
18
Let a(s) = -s**3 + 46*s**2 - 13*s + 1032. Let z be a(40). What is the greatest common factor of z and 96?
32
Suppose -3*n + 13325 = 2*n. Suppose -n = -20*q + 215. Calculate the highest common divisor of q and 108.
36
Let w be (-393)/(-8) - -5 - ((-24)/(-3))/64. What is the greatest common factor of w and 1863?
27
Suppose 3*b - 5901 = 3*d, 588*b = 589*b + 3*d - 1979. Calculate the greatest common divisor of b and 30.
10
Let k(i) be the third derivative of -1/12*i**4 + 0*i + 11/3*i**3 + 0 - 11*i**2. Let z be k(5). Calculate the highest common factor of 6 and z.
6
Let f(r) = -7*r - 23. Let k be f(-9). Let u = k - 36. Suppose 0*b - 48 = -u*b. What is the highest common factor of b and 60?
12
Suppose 5*w = -5*c + 4021 + 8054, w + 3*c = 2403. Calculate the greatest common divisor of w and 18.
9
Suppose -100 = 5*f + 2*m, m + 26 - 75 = 2*f. Let c(o) = 26 + 15*o + o**2 + 0*o**2 + 14 - o. Let t be c(f). Calculate the greatest common divisor of t and 12.
12
Let v = 14 + -2. Let m = 40540 - 40132. Calculate the greatest common factor of v and m.